) + (20 - 0)
46
Evaluate -13 - (1 - (-42 - -23)).
-33
Calculate (-20 - (60 - 9)) + 25.
-46
What is the value of 6 + (3 - (6 + -30 + 4)) - (-41 + 41)?
29
Calculate 9 + -78 - (7 + -10 + 19).
-85
What is -15 + -18 + (-16 - -35) + 39?
25
9 + 8 - (-13 - (-35 - -18)) - 104
-91
-1 - -3 - (15 + -32 + -8)
27
What is the value of 8 + 15 + -28 - (-63 + 3 - (7 + -11))?
51
-3 + -4 - (-8 - (-27 - -2) - -11)
-35
What is the value of 30 + (0 - -2) + -9 + 6 + 5 + -11?
23
What is -10 + -10 - (-10 - -7) - -58?
41
What is the value of (6 - -15) + (28 - (1 - -12))?
36
Evaluate (1 - -56 - (-6 - 19 - -22)) + (70 - 74).
56
Evaluate 9 - (-1 + -86 - (-538 + 543)).
101
2012 - 1980 - (5 + -2)
29
What is the value of (2 + -1 + -1 - (-3085 - -3076)) + 10 + -1?
18
What is 1 + (38 - 66 - (-14 + 5))?
-18
-347 + 493 + -94 - (0 + -41)
93
Evaluate -6 + (61 - (-34 + 149)).
-60
Evaluate 34 + -25 - -31 - 23.
17
-54 - (39 + -179) - 32
54
(27 - (47 + -3)) + -30
-47
Calculate -5 - -27 - (55 + -60) - (-88 - -69).
46
-5 + (-33 - (-31 + -27))
20
107 + 9 + (6 - 4 - 10 - (-83 - -69))
122
What is the value of -2 + (-3 - (-11 - -4)) + -3 + -147 + 186?
38
Calculate 168 + (-53 + 1 - 37).
79
(126 + 134 - 133) + -168
-41
What is the value of -1154 + 1177 + (-18 - (-6 - -5))?
6
Calculate 153 - 3 - (320 - 290).
120
What is the value of (9 - -6 - 43) + (1 - -2) + -2 + -3?
-30
What is (33 - (-1 + 20) - -3) + 26?
43
-93 + -2 + 1 + (-26 + 17 - -28)
-75
What is the value of 21 + -5 + -10 + 12 - 37?
-19
Evaluate (-16 + 15 + 9 - -59) + -5.
62
What is -3 + 4 + -8 + -10486 + 10574?
81
Evaluate (225 - 242) + (4 - -72).
59
Calculate -14 + (8 - 55 - -29).
-32
What is 30 + (-54 - -73) + -82?
-33
What is -6 - (7 + 5 + -14 + -4 + 28)?
-28
Calculate -81 + -5 - (1062 + -1074).
-74
Calculate (-8 - 1) + (19 - -1 - (278 + -284)).
17
Evaluate 2 + -68 - (-653 - -661).
-74
What is (0 - (-15 + 15)) + 23 + -52?
-29
What is the value of 12 + -2 - (-170 + 161 - (-1 + 5))?
23
What is the value of 68 + -1 + 5 + (-4 + 39 - (-93 + 122))?
78
What is the value of 29 + (10 - 141 - -39)?
-63
What is the value of (290 - 348) + (-3 - (-3 - -20) - -2)?
-76
(14 - (93 + (-1 - -3))) + (-9 + 7 - -6)
-77
What is the value of 22 + -14 + (70 - 74 - (0 + 14))?
-10
What is -1 - -70 - ((68 - 26) + -24)?
51
What is 28 - (-47 + (22 - -82))?
-29
6 + (-131 - 1 - (-5 + 12 + -24))
-109
Calculate (28 - 49 - -43) + -9 + -30.
-17
What is (45 - (4 + -1)) + 10 + 8 + -23 + 10?
47
What is the value of -120 + (-39 - -36 - (-4 + -6 - -1) - 15)?
-129
What is the value of (-9 - -4) + -10 + 13 + -15?
-17
What is 45 + -47 + 16 - (54 - 0)?
-40
What is (-2 - 0) + 1 - (44 - 42 - 15)?
12
What is the value of -4 - -6 - (3 - 2) - (-146 + 136) - 105?
-94
What is 143 + -155 - (6 + -3 - -25)?
-40
Calculate -1 - 11 - (-1858 - -1838).
8
Calculate 2 + 2 - (0 - 25 - (-286 + 277)).
20
Calculate -3799 - -3794 - (33 - -2 - 1) - (0 - -6).
-45
40 + -97 + 80 - (0 - -7)
16
What is -15 - (-39 - 11 - (-8 - -21))?
48
Calculate (11 - 37 - -8) + 20 - -40.
42
Evaluate (243 + -272 - -64) + 0 + -2 + 3.
36
Calculate 1 - 5 - (53 + -101 + 46).
-2
What is the value of 5 - (-49 + 12 - -46)?
-4
Calculate (27 - (-27 - (10 - 24))) + 6 + -4.
42
What is the value of -29 + (39 - -9 - -24)?
43
Calculate (-17 - (1 + 0 - -22)) + -14.
-54
Evaluate -4 + (14 - 11) + 12 - 20.
-9
Calculate -148 + 6 + -155 + 200.
-97
(-456 - -443) + (12 - (-5 - -3)) - 1
0
Evaluate -11 + 2 + 1 + 133 + -33 + (-36 - 0).
56
Calculate -20 + (-5 - -4) + (64 - 69).
-26
What is -710 + 696 + (68 - -2) + -2?
54
Evaluate 68 + -172 + 68 + 22.
-14
What is (-72 - -39) + 41 + (-1 - -10)?
17
What is the value of (-11 - -20 - -4) + (-3 - 4) - 35?
-29
What is 18 - 0 - (-4534 - -4575)?
-23
What is -7 + (-30 - (-6 + 9 - (-1 + 7 + -9)))?
-43
Evaluate -2 + -26 + -7 + 44 + (1 - 9).
1
What is the value of (122 + -146 - (3 - -25)) + 6 + -1 + 0?
-47
(26 - (47 - -19 - 10)) + -19
-49
What is the value of (-8 + 2 - (-23 - -5)) + (-19 - 1)?
-8
Evaluate -24 - (-56 - (32 + -53)).
11
What is the value of 50 + (-130 - -36) + 55?
11
Evaluate -13 - (-1 + 2) - (-16 - (-59 - 0)).
-57
Evaluate 9 - (-1 - -7 - -4 - (-14 + 8)) - -6.
-1
Evaluate 279 + -354 + 55 - ((-107 - 1) + 0).
88
What is the value of -14 + -5 + -14 + 47 + -13 - 11?
-10
-12 - -15 - 11 - (52 - 139)
79
Calculate -360 + 362 - (6 - 5 - (5 - (-4 - -3))).
7
What is the value of -3 + 4 - -89 - (220 + -214)?
84
What is -9 + 28 - (123 + -6 + 9) - 4?
-111
What is the value of -11 - (9 + (8 + -6 + -32 - -9)) - -17?
18
What is 19 - -11 - ((77 - 67) + (-16 - 1))?
37
Calculate -6 - -7 - (-9 - ((-25 - -24) + -86 + 0)).
-77
Evaluate 3 + 78 - (1 - 16 - (1657 + -1662)).
91
Calculate (-3 - (8 + (13 - (7 + 14)))) + 51.
48
What is the value of -2 + (10 + 29 + 13 - 0) + 4?
54
What is the value of (33 - (7 - 26 - 12 - -19)) + -19?
26
What is the value of 10 + 3 + 68 + (-14 - 34)?
33
What is 44 + (-101 - (-154 + 77))?
20
Evaluate -19 + -55 + 115 + (-9 - -1).
33
Calculate (49 + 47 - (7 + 17)) + 37.
109
16 - (-7 + 6 + -40 + 25)
32
Calculate -6 - (-92 - (34 - 80)).
40
-11 - ((17 - 18) + 3) - -64
51
Calculate -5 + 16 + (-85 + 57 - (0 + 6)).
-23
Calculate -29 - (-14 - -11 - -16 - 0) - -2.
-40
30 + 16 + -101 - -30
-25
40 - (-50 + 155) - (2 - 0)
-67
What is (5 - 2) + -23 + 17 + 117 + -2 + -4?
108
Calculate -2 - (-3 + -3 - -7) - (-1608 + 1607).
-2
Calculate -1 + -34 - (-160 - -95).
30
What is -12 - -1 - (37 - -23)?
-71
What is (5 - -79) + 1 + -28 + 4?
61
What is -147 + 94 + -99 + 81?
-71
Calculate 18 + -4 + 0 - (-128 - -179).
-37
What is the value of 1 + 42 + (-62 - (-62 + (-19 - -41)))?
21
What is -43 + -52 + 123 + -21?
7
Evaluate -1 + -45 + 1 + (321 - 91) + -248.
-63
What is -96 + (30 - (-47 - -21))?
-40
Calculate (-1402 - -1475) + 22 + 0.
95
Evaluate -13 - (-26 - 25) - 11 - -29.
56
Evaluate -12 + -4 + (-35 - (48 + -52)).
-47
What is the value of 0 + -1 - (17 + (45 - 74)) - -12?
23
(1 - 21 - 20) + 49
9
Calculate 62 + (14 + -13 - -7) + 6 - (5 - 0).
71
(-32 - -1 - 26) + 17 + -31
-71
-7 + (-8 - ((0 - 7) + 10))
-18
Calculate (-11688 - -11766) + (-1 - -3) + -7.
73
What is the value of 22 + 1 + -12 + 15 + -10 + (-18 - -27)?
25
What is the value of (19 - 31) + -13 + 71?
46
What is the value of (0 - -9 - (51 + -80)) + 10 + 7?
55
Calculate 0 + -10 + (48 - 70 - -10).
-22
What is (-5 - (2 + -5)) + (-23 - (22 + -42))?
-5
94 - (-13 - (-10 - 6) - 37)
128
-24 + -1 + -21 + 19 + 3 + 4 + 3
-17
What is -1 + -25 + -237 + 241?
-22
What is (-3 - (-12 + 5)) + 7 - (-398 - -402)?
7
What is the value of (1 - -15) + 4 + 24 + -19 + -19 + 14?
20
Evaluate -14 + (-8 - (1 - (-5 - -13) - 37)).
22
Evaluate 34 - (-156 + 92 + -14).
112
What is (292 - 292 - (-12 - 0)) + -8?
4
Evaluate 143 + -90 + -199 + 57.
-89
Calculate (16 - (-11 - 26) - (-2 + -5)) + -13.
47
What is -61 - (-11 - (1 + -36)) - 12 - -8?
-89
-19 + ((5 - (-3 - -6)) + 14 - (112 - 105))
-10
Calculate -19 + (-48 - -31 - -7) - -20.
-9
Evaluate (9 - 109) + (-429 - -477).
-52
Evaluate 0 + (46 - 50) + 44.
40
What is -77 - (-140 - (-43 + 37))?
57
Calculate 56 + -45 + (2 - 10 - 0).
3
Calculate (1141 - 1149) + (5 - (36 - 2)).
-37
Evaluate -13 - -51 - 14 - (-4 - -6).
22
Calculate (59 - (48 - -42)) + (2 - -19).
-10
Calculate 2 + 93 + -5 + (7 - -1) + -461 + 458.
95
What is the value of -38 + 24 + -54 + 96?
28
Evaluate -425 + 445 + 0 + -10 - (-7 + 0).
17
Calculate 26 - (33 - (6 - 0) - 8).
7
24 - 3 - ((-28 - -31) + -25 + 11) - -6
38
Calculate 105 - (45 + -62 + 218).
-96
What is -1 - (-1 - 36 - (-36 - (-9 + -10)))?
19
-32 - (26 - (-42 - -17)) - 2
-85
Evaluate ((-294 - -301) + -2 + -18 + 0 - -10) + -57.
-60
Evaluate 1 - ((-26 - -7 - (-22 - 3)) + -8).
3
Calculate -108 + (27 - -59) + (0 - 3).
-25
What is the value of -7 + (4 - (10 + -9 + (0 - -4)) - -34)?
26
What is the value of -45 - (-43 + (-44 - -70) - 19)?
-9
Evaluate (12 - 1) + (9 - (0 + -8 + 212 + -200)).
16
What is the value of -27 + (11 - 4) + (69 - 24)?
25
Calculate -24 + (17 - (15 - 1 - 6)) + -39.
-54
-9 - 1 - (-59 + (26 - 6) - 30) - -10
69
-97 + 25 + (-6 + 29 - (-35 - -40))
-54
Calculate 47 - (-19 - (10 + -37 + -19)).
20
Evaluate -52 + 57 + (-2 - -23).
26
What is 10 + 0 + (4 - (6 + -5 + 5 + -4))?
12
Evaluate 12 - (19 + 57) - -41.
-23
What is -1 - 14 - (35 + -51) - -73?
74
What is -21 + (-60 - -1) + 57?
-23
Calculate 53 - 2 - ((-3 + 6 - 4) + -11 + 7).
56
